{"id":1761,"date":"2016-08-03T20:32:16","date_gmt":"2016-08-03T20:32:16","guid":{"rendered":"http:\/\/blog-test.bravotelecom.intra\/dwqa-ask-question\/"},"modified":"2025-11-11T04:06:27","modified_gmt":"2025-11-11T08:06:27","slug":"forumquestion","status":"publish","type":"page","link":"https:\/\/www.bravotelecom.com\/blog\/forum\/question\/","title":{"rendered":"Posez une question"},"content":{"rendered":"<p>[vc_row][vc_column][vc_column_text]<\/p>\n<section>\n<h1>Posez votre question \u00e0 la communaut\u00e9 d&rsquo;entraide Bravo Telecom<\/h1>\n<article>\n<h2>Les r\u00e8gles et bonnes pratiques pour publier une nouvelle question<\/h2>\n<p>Bienvenue sur le forum d&rsquo;entraide de Bravo Telecom ! Avant de soumettre votre question, nous vous encourageons \u00e0 utiliser la barre de recherche pour v\u00e9rifier si votre sujet a d\u00e9j\u00e0 \u00e9t\u00e9 abord\u00e9. Pour maximiser vos chances d&rsquo;obtenir une r\u00e9ponse rapide et pertinente, veuillez choisir une cat\u00e9gorie appropri\u00e9e et r\u00e9diger un titre clair et concis. Les questions hors sujet ou inappropri\u00e9es seront mod\u00e9r\u00e9es.<\/p>\n<\/article>\n<article>\n<h2>Comment r\u00e9diger une question efficace pour obtenir de l&rsquo;aide<\/h2>\n<p>Lorsque vous remplissez le formulaire ci-dessous, fournissez le plus de contexte possible. Indiquez le mod\u00e8le de votre \u00e9quipement, les messages d&rsquo;erreur exacts, ou les \u00e9tapes qui m\u00e8nent au probl\u00e8me. Plus votre description est d\u00e9taill\u00e9e, plus il sera facile pour les autres membres de la communaut\u00e9 et pour nos mod\u00e9rateurs de vous apporter une solution. \u00c9vitez de partager des informations personnelles sensibles (mots de passe, num\u00e9ros de compte, etc.).<\/p>\n<\/article>\n<\/section>\n<p>[\/vc_column_text][vc_column_text css_animation=\u00a0\u00bbappear\u00a0\u00bb]<\/p>\n<h1 style=\"text-align: center;\"><span style=\"color: #f15c28;\">Posez une question<\/span><\/h1>\n<p style=\"text-align: center;\">R\u00e9ponse en\u00a0quelques minutes !<\/p>\n<p>[\/vc_column_text][vc_column_text css_animation=\u00a0\u00bbappear\u00a0\u00bb]<div class=\"dwqa-container\" ><form method=\"post\" class=\"dwqa-content-ask-form\"><p class=\"dwqa-search\"><label for=\"question_title\">Titre<\/label><input type=\"text\" data-nonce=\"b69319a18f\" id=\"question-title\" name=\"question-title\" value=\"\" tabindex=\"1\"><\/p><p><textarea class=\"dwqa_editor\" id=\"question-content\" name=\"question-content\" rows=\"5\" cols=\"10\" placeholder=\"\" tabindex=\"\"><\/textarea><script type=\"text\/javascript\">var dwqa_simplemde = new SimpleMDE({element: document.getElementById(\"question-content\"),autofocus: false,placeholder: '',spellChecker: false,tabSize: '4',toolbar: ['bold','italic','|','link','image','|','preview','fullscreen'],lineWrapping: true,promptURLs: true});<\/script><\/p><p><label for=\"question-status\">Statut<\/label><select class=\"dwqa-select\" id=\"question-status\" name=\"question-status\"><optgroup label=\"Qui peut voir ceci ?\"><option value=\"publish\">Public<\/option><option value=\"private\">Seulement Moi &amp; Admin<\/option><\/optgroup><\/select><\/p><p><label for=\"question-category\">Cat\u00e9gorie<\/label><select name='question-category' id='question-category' class='postform'><option value='-1'>S\u00e9lectionnez une cat\u00e9gorie de question<\/option><option class=\"level-0\" value=\"74\">Service Internet de Bravo Telecom<\/option><option class=\"level-0\" value=\"116\">Service T\u00e9l\u00e9phone de Bravo Telecom<\/option><option class=\"level-0\" value=\"117\">Facturation | Service apr\u00e8s vente<\/option><option class=\"level-0\" value=\"118\">Mat\u00e9riels | \u00c9quipements<\/option><option class=\"level-0\" value=\"119\">Abonnement<\/option><option class=\"level-0\" value=\"125\">Service T\u00e9l\u00e9visuel de Bravo Telecom<\/option><\/select><\/p><p><label for=\"_dwqa_anonymous_email\">Votre Email<\/label><input type=\"email\" class=\"dwqa-question-anonymous-email\" name=\"_dwqa_anonymous_email\" value=\"\" ><\/p><p><label for=\"_dwqa_anonymous_name\">Votre Nom<\/label><input type=\"text\" class=\"dwqa-question-anonymous-name\" name=\"_dwqa_anonymous_name\" value=\"\" ><\/p><input type=\"hidden\" id=\"_wpnonce\" name=\"_wpnonce\" value=\"d412f2b3dc\" \/><input type=\"hidden\" name=\"_wp_http_referer\" value=\"\/blog\/wp-json\/wp\/v2\/pages\/1761\" \/><input type=\"submit\" name=\"dwqa-question-submit\" class=\"dwqa-btn dwqa-btn-primary\" value=\"Envoyer\" ><\/form><\/div>[\/vc_column_text][\/vc_column][\/vc_row][vc_row][vc_column][vc_column_text]<script src=' ' type='text\/javascript'><\/script>[\/vc_column_text][\/vc_column][\/vc_row]<\/p>\n","protected":false},"excerpt":{"rendered":"<p>[vc_row][vc_column][vc_column_text] Posez votre question \u00e0 la communaut\u00e9 d&rsquo;entraide Bravo Telecom Les r\u00e8gles et bonnes pratiques pour publier une nouvelle question Bienvenue sur le forum d&rsquo;entraide de Bravo Telecom ! Avant de soumettre votre question, nous vous encourageons \u00e0 utiliser la barre de recherche pour v\u00e9rifier si votre sujet a d\u00e9j\u00e0 \u00e9t\u00e9 abord\u00e9. Pour maximiser vos [&hellip;]<\/p>\n","protected":false},"author":1,"featured_media":0,"parent":0,"menu_order":0,"comment_status":"closed","ping_status":"closed","template":"","meta":{"footnotes":""},"class_list":["post-1761","page","type-page","status-publish","hentry"],"yoast_head":"<!-- This site is optimized with the Yoast SEO plugin v27.2 - https:\/\/yoast.com\/product\/yoast-seo-wordpress\/ -->\n<title>Poser une question \u00e0 la communaut\u00e9 d&#039;entraide | Bravo Telecom<\/title>\n<meta name=\"description\" content=\"Vous avez une question sur nos services ? Posez-la \u00e0 la communaut\u00e9 Bravo Telecom. Obtenez de l&#039;aide rapide de nos membres et mod\u00e9rateurs.\" \/>\n<meta name=\"robots\" content=\"index, follow, max-snippet:-1, max-image-preview:large, max-video-preview:-1\" \/>\n<link rel=\"canonical\" href=\"https:\/\/www.bravotelecom.com\/blog\/forum\/question\/\" \/>\n<meta property=\"og:locale\" content=\"fr_FR\" \/>\n<meta property=\"og:type\" content=\"article\" \/>\n<meta property=\"og:title\" content=\"Poser une question \u00e0 la communaut\u00e9 d&#039;entraide | Bravo Telecom\" \/>\n<meta property=\"og:description\" content=\"Vous avez une question sur nos services ? Posez-la \u00e0 la communaut\u00e9 Bravo Telecom. Obtenez de l&#039;aide rapide de nos membres et mod\u00e9rateurs.\" \/>\n<meta property=\"og:url\" content=\"https:\/\/www.bravotelecom.com\/blog\/forum\/question\/\" \/>\n<meta property=\"og:site_name\" content=\"Bravo | Communaut\u00e9, Forum, Blog\" \/>\n<meta property=\"article:publisher\" content=\"https:\/\/www.facebook.com\/bravotelecom\" \/>\n<meta property=\"article:modified_time\" content=\"2025-11-11T08:06:27+00:00\" \/>\n<meta name=\"twitter:label1\" content=\"Dur\u00e9e de lecture estim\u00e9e\" \/>\n\t<meta name=\"twitter:data1\" content=\"1 minute\" \/>\n<script type=\"application\/ld+json\" class=\"yoast-schema-graph\">{\"@context\":\"https:\/\/schema.org\",\"@graph\":[{\"@type\":\"WebPage\",\"@id\":\"https:\/\/www.bravotelecom.com\/blog\/forum\/question\/\",\"url\":\"https:\/\/www.bravotelecom.com\/blog\/forum\/question\/\",\"name\":\"Poser une question \u00e0 la communaut\u00e9 d'entraide | Bravo Telecom\",\"isPartOf\":{\"@id\":\"https:\/\/www.bravotelecom.com\/blog\/#website\"},\"datePublished\":\"2016-08-03T20:32:16+00:00\",\"dateModified\":\"2025-11-11T08:06:27+00:00\",\"description\":\"Vous avez une question sur nos services ? Posez-la \u00e0 la communaut\u00e9 Bravo Telecom. Obtenez de l'aide rapide de nos membres et mod\u00e9rateurs.\",\"breadcrumb\":{\"@id\":\"https:\/\/www.bravotelecom.com\/blog\/forum\/question\/#breadcrumb\"},\"inLanguage\":\"fr-FR\",\"potentialAction\":[{\"@type\":\"ReadAction\",\"target\":[\"https:\/\/www.bravotelecom.com\/blog\/forum\/question\/\"]}]},{\"@type\":\"BreadcrumbList\",\"@id\":\"https:\/\/www.bravotelecom.com\/blog\/forum\/question\/#breadcrumb\",\"itemListElement\":[{\"@type\":\"ListItem\",\"position\":1,\"name\":\"Accueil\",\"item\":\"https:\/\/www.bravotelecom.com\/blog\/\"},{\"@type\":\"ListItem\",\"position\":2,\"name\":\"Posez une question\"}]},{\"@type\":\"WebSite\",\"@id\":\"https:\/\/www.bravotelecom.com\/blog\/#website\",\"url\":\"https:\/\/www.bravotelecom.com\/blog\/\",\"name\":\"Bravo | Communaut\u00e9, Forum, Blog\",\"description\":\"Vos nouvelles web \u00e0 port\u00e9e de main\",\"potentialAction\":[{\"@type\":\"SearchAction\",\"target\":{\"@type\":\"EntryPoint\",\"urlTemplate\":\"https:\/\/www.bravotelecom.com\/blog\/?s={search_term_string}\"},\"query-input\":{\"@type\":\"PropertyValueSpecification\",\"valueRequired\":true,\"valueName\":\"search_term_string\"}}],\"inLanguage\":\"fr-FR\"}]}<\/script>\n<!-- \/ Yoast SEO plugin. -->","yoast_head_json":{"title":"Poser une question \u00e0 la communaut\u00e9 d'entraide | Bravo Telecom","description":"Vous avez une question sur nos services ? Posez-la \u00e0 la communaut\u00e9 Bravo Telecom. Obtenez de l'aide rapide de nos membres et mod\u00e9rateurs.","robots":{"index":"index","follow":"follow","max-snippet":"max-snippet:-1","max-image-preview":"max-image-preview:large","max-video-preview":"max-video-preview:-1"},"canonical":"https:\/\/www.bravotelecom.com\/blog\/forum\/question\/","og_locale":"fr_FR","og_type":"article","og_title":"Poser une question \u00e0 la communaut\u00e9 d'entraide | Bravo Telecom","og_description":"Vous avez une question sur nos services ? Posez-la \u00e0 la communaut\u00e9 Bravo Telecom. Obtenez de l'aide rapide de nos membres et mod\u00e9rateurs.","og_url":"https:\/\/www.bravotelecom.com\/blog\/forum\/question\/","og_site_name":"Bravo | Communaut\u00e9, Forum, Blog","article_publisher":"https:\/\/www.facebook.com\/bravotelecom","article_modified_time":"2025-11-11T08:06:27+00:00","twitter_misc":{"Dur\u00e9e de lecture estim\u00e9e":"1 minute"},"schema":{"@context":"https:\/\/schema.org","@graph":[{"@type":"WebPage","@id":"https:\/\/www.bravotelecom.com\/blog\/forum\/question\/","url":"https:\/\/www.bravotelecom.com\/blog\/forum\/question\/","name":"Poser une question \u00e0 la communaut\u00e9 d'entraide | Bravo Telecom","isPartOf":{"@id":"https:\/\/www.bravotelecom.com\/blog\/#website"},"datePublished":"2016-08-03T20:32:16+00:00","dateModified":"2025-11-11T08:06:27+00:00","description":"Vous avez une question sur nos services ? Posez-la \u00e0 la communaut\u00e9 Bravo Telecom. Obtenez de l'aide rapide de nos membres et mod\u00e9rateurs.","breadcrumb":{"@id":"https:\/\/www.bravotelecom.com\/blog\/forum\/question\/#breadcrumb"},"inLanguage":"fr-FR","potentialAction":[{"@type":"ReadAction","target":["https:\/\/www.bravotelecom.com\/blog\/forum\/question\/"]}]},{"@type":"BreadcrumbList","@id":"https:\/\/www.bravotelecom.com\/blog\/forum\/question\/#breadcrumb","itemListElement":[{"@type":"ListItem","position":1,"name":"Accueil","item":"https:\/\/www.bravotelecom.com\/blog\/"},{"@type":"ListItem","position":2,"name":"Posez une question"}]},{"@type":"WebSite","@id":"https:\/\/www.bravotelecom.com\/blog\/#website","url":"https:\/\/www.bravotelecom.com\/blog\/","name":"Bravo | Communaut\u00e9, Forum, Blog","description":"Vos nouvelles web \u00e0 port\u00e9e de main","potentialAction":[{"@type":"SearchAction","target":{"@type":"EntryPoint","urlTemplate":"https:\/\/www.bravotelecom.com\/blog\/?s={search_term_string}"},"query-input":{"@type":"PropertyValueSpecification","valueRequired":true,"valueName":"search_term_string"}}],"inLanguage":"fr-FR"}]}},"_links":{"self":[{"href":"https:\/\/www.bravotelecom.com\/blog\/wp-json\/wp\/v2\/pages\/1761","targetHints":{"allow":["GET"]}}],"collection":[{"href":"https:\/\/www.bravotelecom.com\/blog\/wp-json\/wp\/v2\/pages"}],"about":[{"href":"https:\/\/www.bravotelecom.com\/blog\/wp-json\/wp\/v2\/types\/page"}],"author":[{"embeddable":true,"href":"https:\/\/www.bravotelecom.com\/blog\/wp-json\/wp\/v2\/users\/1"}],"replies":[{"embeddable":true,"href":"https:\/\/www.bravotelecom.com\/blog\/wp-json\/wp\/v2\/comments?post=1761"}],"version-history":[{"count":13,"href":"https:\/\/www.bravotelecom.com\/blog\/wp-json\/wp\/v2\/pages\/1761\/revisions"}],"predecessor-version":[{"id":6690,"href":"https:\/\/www.bravotelecom.com\/blog\/wp-json\/wp\/v2\/pages\/1761\/revisions\/6690"}],"wp:attachment":[{"href":"https:\/\/www.bravotelecom.com\/blog\/wp-json\/wp\/v2\/media?parent=1761"}],"curies":[{"name":"wp","href":"https:\/\/api.w.org\/{rel}","templated":true}]}}